2*o - 20. Suppose -2*p + 5*h + 1006 = 862, 0 = p - 3*h - 73. Let l = p - o. Give n(l).
-9
Suppose -g - 2*j = -16, 4*j = 5*g - j - 50. Let v(i) = -3*i + g + 2*i + 2*i. Suppose 3 = -2*f - b, 0 = -3*b + 5 - 14. Give v(f).
12
Let l = -13 + 16. Let i(d) = -11*d**2 + l*d**2 - 2*d**2. Suppose 3*j - 9 = 3*m - 0, 0 = -j + 4*m + 15. Give i(j).
-10
Let x(i) = -i + 1. Let a(r) be the third derivative of 0*r - 15*r**2 - 1/8*r**4 + 0 + 1/3*r**3. Let m(q) = -a(q) + 5*x(q). What is m(5)?
-7
Let n(p) = p**2 - 5. Let h = -222 + 225. Suppose -h*y + 25 - 8 = -5*f, f - 19 = -5*y. What is n(y)?
11
Let m(b) = -2*b - 5. Let u(c) = c**2 + 27*c + 31. Let t be u(-26). Let d be 0 - (-10)/t - 12/2. Give m(d).
3
Let a(r) = r**3 + 7*r**2 - 7*r - 18. Suppose -126*n - 30 = -31*n + 730. Determine a(n).
-26
Let l(c) = 21463*c - 21453*c - 18 + 139 - 39 + 250. What is l(-33)?
2
Let r(j) = -206*j**2 + 112*j**2 + 104*j**2 + 15*j + 14. Let t be r(-1). Let d(i) = i**2 - 11*i + 5. Give d(t).
-13
Suppose -a + 28 = 2*d - 5*a, 4*a + 20 = 0. Suppose 4*o = 4*r + 14 + 10, -4*o - 3*r = 4. Let c(f) = -o*f**3 - 5*f**2 - 8*f - 2 + d*f + 3 + f**3. Determine c(-4).
1
Let k(f) be the first derivative of -f**3/3 + f**2 - f - 919. What is k(1)?
0
Let t be ((-125)/(-10) - 8)/((-3)/4). Let w(l) be the third derivative of -l**4/24 - 4*l**3/3 + l**2. What is w(t)?
-2
Let r(o) = 6*o - 51. Let x(z) = 10*z - 85. Let h(p) = -8*r(p) + 5*x(p). Calculate h(35).
53
Let s be 35/30 - (-90)/108. Let i = -9 - -12. Let w(z) = -1 - z + 1 + 1 - i. What is w(s)?
-4
Suppose -25*r + 192 = -19*r. Suppose 13*c = r + 85. Suppose w = -2*i - 2*w - 22, 0 = i + w + c. Let y(d) = d**3 + 6*d**2 + 6*d + 2. Determine y(i).
-3
Let q(l) = -l + 3. Let a = 4660 - 4669. Determine q(a).
12
Let w(o) = -3*o + 27. Let n(j) = 46*j + 1474. Let h be n(-32). Determine w(h).
21
Let n(p) = -p**3 - 10*p**2 - 4. Let v be n(-10). Let i(k) = -4*k**2 + 90*k**3 + 86*k**3 + 31 - 68 - 177*k**3 + 39 - k. Determine i(v).
6
Let q(w) = 4515 + 4517 - 6*w - 9004. Calculate q(6).
-8
Let y(d) = d + 16. Suppose -7*z = 19 + 86. Let s be ((-35)/z)/(10/(-30)). Calculate y(s).
9
Let q(w) = 6*w - 28. Let k(n) = -n + 7. Suppose -13 = 7*u - 2*u + 3*m, 3*u + 7 = -m. Let a(o) = u*q(o) - 9*k(o). Let j = -12 + 5. What is a(j)?
14
Suppose 20*i + 28 = 180 + 48. Let o(z) = z**3 - 11*z**2 + 12*z - 19. Give o(i).
1
Suppose -2*k + j = -19, 2*k + 9*j = 11*j + 18. Let a(o) = -5*o + 14*o**2 - 35*o**2 + 12*o**2 + k*o**2. What is a(5)?
0
Let w(x) = -x**3 + x - 7. Let v be w(0). Let l(c) be the second derivative of -c**5/20 - 7*c**4/12 + 2*c**3/3 + 2*c**2 - 7428*c. Give l(v).
-24
Suppose -3*a + 3 + 0 = 0. Let v(j) = -2*j + 91042*j**2 - 45530*j**2 - 45511*j**2. Give v(a).
-1
Suppose 0 = 4*o - 3 - 13. Let a(q) = -143 - q + 143. Let n(r) = r. Let s(g) = o*n(g) + 3*a(g). Determine s(-1).
-1
Let s(h) = 7*h**2 + 4*h + 261. Let f(w) = -31*w**2 - 16*w - 1044. Let u(y) = -2*f(y) - 9*s(y). Let r(k) be the first derivative of u(k). What is r(0)?
-4
Let w(t) = -8*t - 158. Suppose -3*h = -3*n + 83 - 38, 2*h = -4*n - 66. Determine w(h).
10
Suppose -q + 2*d + 19 = 33, -28 = 4*q - d. Let h(g) = -15*g - 91. Calculate h(q).
-1
Let l = -5297 - -5303. Let k(h) be the first derivative of -3/2*h**2 + l*h - 1/3*h**3 - 46. Give k(-5).
-4
Suppose 4*n = -5*r + 39, -n - 4*r - 58 = -76. Let w = -4 + 6. Let a(q) = w*q**2 + 4*q - q**3 - 4 + 5*q**2 - 10*q. What is a(n)?
-4
Let k(w) = w**2 + 8*w + 14. Suppose 2*v = 10, -i + 0*v = v + 2. Let p be k(i). Let z(l) = p*l**2 - l + 5*l + 12 - 10. Give z(-2).
22
Let s(c) = 89*c - 181. Let v(p) = 60*p - 127. Let j(y) = 7*s(y) - 10*v(y). What is j(2)?
49
Let w = 7 - 3. Let b be ((-40)/1)/4 + w. Let n(s) be the first derivative of 3*s**2/2 + 7*s + 70. What is n(b)?
-11
Let n(f) = -f + 2. Let l(p) = p - 3. Let q(h) = 5*l(h) + 7*n(h). Let i(t) = -2*t + 5*t + 15 - 5 - 2 - 6. Let u(m) = 5*i(m) + 6*q(m). Give u(-3).
-5
Let d = 17 + -25. Suppose 2*b = 2*n + 10, -5*n - 16 = -0*n - 2*b. Let q(m) = 3*m - 7. Let w(l) = l - 4. Let k(g) = n*q(g) + 5*w(g). Give k(d).
2
Let r(l) = 4*l**3 + 7*l**2 + 7*l. Let n(q) = 3*q**3 + 7*q**2 + 9*q + 3. Let z(s) = 3*n(s) - 2*r(s). Calculate z(-6).
-33
Let u(b) = -b**2 + 4*b - 6. Suppose -500 = -29*m - 384. Calculate u(m).
-6
Suppose 21*z - 17*z = r + 38, -r = -5*z + 44. Let s(o) = o**2 + 12*o - 17. Give s(r).
11
Let d be (-2)/((-4)/(-1 + -3)). Let z be -5 + (-1 - -2) + 6. Let q(l) = -2*l - 1. Let n(w) = -5*w - 3. Let t(a) = z*n(a) - 7*q(a). Give t(d).
-7
Let j(s) = -105*s + 1153. Let y be j(11). Let g(c) = 2*c**2 - 2*c - 1. Calculate g(y).
11
Let q(m) be the second derivative of -2*m + 19 - 1/6*m**3 - 23/2*m**2. Calculate q(-16).
-7
Suppose -l + 59 = -5*h + 75, 4*h - 4*l = 16. Let p(j) be the second derivative of -j**2 + 1/6*j**h + 1/12*j**4 + 9*j + 0. Determine p(2).
4
Let k(h) = -h + 31. Let b be (132/24)/(-1 + (-21)/(-14)). Calculate k(b).
20
Suppose -4*l = -u + 7, -6*u + 7*u - 2 = -l. Suppose -21 = 2*z + 5*m, 0 = z - u*z - 4*m - 18. Let s(w) = -3*w - 4. What is s(z)?
5
Let p(d) = -d**2 - 11*d - 6. Let b be 4/22 + 2456/44. Let u = -344 - -395. Let c = u - b. Determine p(c).
24
Let l(m) = -m. Let r(s) = 3 - 8*s - 8*s + 12*s. Let j(u) = -4*l(u) + 2*r(u). Let t = -7151 + 7155. Calculate j(t).
-10
Let t(y) = 10*y**3 - y**2 - 25*y + 28. Let v(r) = 7*r**3 - 17*r + 19. Let c be 2/(-12)*-1 + (-58)/(-12). Let k(a) = c*t(a) - 7*v(a). Calculate k(5).
-23
Let n(l) = -l**2 - 6*l - 2. Let m be n(-5). Suppose 24 = -m*y + 33. Let t(h) be the third derivative of -h**6/120 + h**5/30 + h**3/2 - 20*h**2. What is t(y)?
-6
Let x(a) = -17*a - 1. Let g be x(-7). Let c = g - 112. Let q(b) be the second derivative of b**3/3 - 9*b**2/2 + b. Give q(c).
3
Suppose -a + 18 = a. Let g(c) = -8*c - 27. Let r be g(-27). Let u(x) = 1 - r*x + 361*x + x**2 - 182*x. Calculate u(a).
-8
Let g(x) = 21*x + 134. Let b be g(-6). Let t(h) = -h**3 + 7*h**2 + 7*h + 15. What is t(b)?
7
Let s be (-3)/15 - (-8)/(-10). Let i(v) be the third derivative of v**4/2 + 1061*v**2. What is i(s)?
-12
Let p be (-4052)/116 + 25/(5075/(-14)). Let l(g) = g**3 + 36*g**2 + 40*g + 84. Give l(p).
-91
Let v(z) = -14*z - 44. Let f be v(-4). Suppose -2*l - 4*x - f = -0*x, -5*l + x + 3 = 0. Let c(w) = w**2 + w + 8. What is c(l)?
8
Let s be (2 + 0)*-2*-1. Suppose -4 = 3*t + 2*u, -3*u - 2*u + 13 = -s*t. Let k(p) = -13*p + 1. Calculate k(t).
27
Let g = -164 - -173. Let q(m) = -17*m**2 - 4*m + 2 + g*m**2 + 7*m**2. Calculate q(-6).
-10
Let g = -371 + 375. Let w(o) = -g*o**2 + 7977 - 4*o + o**3 - 7972 + 7*o. What is w(4)?
17
Let n(u) = -4*u + 21. Let b(k) = -15*k + 82. Let p(s) = 2*b(s) - 9*n(s). Calculate p(-7).
-67
Let k(u) = -2*u + u - 6 + 2*u**2 + 5. Suppose 44 = 4*o + 3*b, 13*o - 9*o - 5*b - 12 = 0. Suppose o = -19*p - 11. Give k(p).
2
Let m(n) = -n**2 + 10*n - 4. Let h be m(11). Let j(k) = 7*k**2 + 21*k + 62. Let q(d) = -2*d**2 - 2*d - 17. Let s(p) = -j(p) - 3*q(p). Determine s(h).
-11
Let w(l) = 100*l + 10. Let r(f) = -14*f. Let u(i) = 14*r(i) + 2*w(i). Determine u(-10).
-20
Let d(t) = 2*t**3 - t + 1. Let z be d(1). Let n be (-1 - z)*(12 + -13). Let p = n - -2. Let c(m) = -m**3 + 6*m**2 - 5*m. Determine c(p).
0
Let z(d) be the first derivative of -4*d**3/3 + 47*d**2/2 + 22*d - 14273. What is z(12)?
10
Suppose 12 = 4*j - 20. Let z(h) = 2*h + 45*h**2 - 210*h**2 - 4 + 166*h**2 - 10*h + 0. What is z(j)?
-4
Let g be -6 - (-5)/15*(-1 + 2)*-6. Let z(r) = -4*r - 25. Calculate z(g).
7
Let i(c) be the second derivative of c**4/4 - 13*c**3/6 + 9*c**2/2 - 4*c - 984. What is i(4)?
5
Let k(a) = 2*a + 56 - 127 + 65 - 29*a**2 + 30*a**2 + a. Suppose 9 - 3 = 2*g. Suppose g*o + 12 = o. What is k(o)?
12
Suppose -23 + 13 = -2*l. Let c(p) = 4*p - l + 8 + 1 - 5*p. Determine c(9).
-5
Let v(q) = -q**3 + 20*q**2 + 19*q + 26. Let b(l) = 6*l**2 - 12*l - 27. Let f be b(4). Give v(f).
-16
Let n(m) = 8*m - 16. Let p(f) = 17*f - 32. Let b(w) = -13*n(w) + 6*p(w). Let y(l) = l**3 + 6*l**2 - 42*l - 88. Let x be y(-2). Determine b(x).
-8
Let i(g) = -g**3 - 20*g**2 - 12*g - 23. Let c be i(-20). Let n = -221 + c. Let j(l) = -l - 3. What is j(n)?
1
Let w(g) = 37*g + 3261. Let o be w(-88). Let y(x) = -43*x + 216. Calculate y(o).
1
Let x = 541 + -523. Suppose -3*l - 27 = -3*t, -x - 9 = 4*l + 5*t. Let c(n) = -n**3 - 7*n**2 + 8*n + 11. Calculate c(l).
11
Let 